 = -a + 16. Suppose a*j - 129 = -2*j - 2*q, 4*q = -j + 15. What is the tens digit of j?
2
Let y(r) = 6*r**2 + r - 18. What is the hundreds digit of y(-7)?
2
Let o(p) = -p**2 + 12*p + 6. Let b(a) be the first derivative of a**2/2 - a - 5. Let m be b(11). What is the tens digit of o(m)?
2
Suppose -57*d + 38893 - 532 = 0. What is the hundreds digit of d?
6
What is the units digit of 3/12 - (-7335)/36?
4
Suppose 6*m - 5*m = -2*f + 8920, -2*f + 8908 = 4*m. What is the units digit of f?
2
Let y(t) = -105*t - 477. What is the units digit of y(-5)?
8
Suppose -20 = 4*r, r = -4*i + 2*i - 569. Let o = 499 + i. What is the hundreds digit of o?
2
Let p(a) = -a**3 - 7*a**2 - 5*a + 54. What is the units digit of p(-7)?
9
Let r(c) = -11*c + 5. Suppose -2*z + 0*x + 9 = -3*x, 0 = -4*z + x + 13. Suppose -3 = -z*i + 4*i. What is the units digit of r(i)?
8
Let m = 75 + -22. Let y = m - 29. Suppose i = -i + y. What is the tens digit of i?
1
Suppose 2*o - 1655 = -299. What is the units digit of o?
8
Let r = -18 - -13. Let m(j) = -8*j - 4. What is the units digit of m(r)?
6
Suppose -22*k + 12925 = -11*k. What is the tens digit of k?
7
Let l = -735 + 1285. What is the hundreds digit of l?
5
Suppose 2*x = 769 - 145. What is the units digit of x?
2
Suppose 4*z - 8 = -p, 0 = -5*z + 4*p + 4 + 6. What is the units digit of (44 - (-1 + z)*-1) + 2?
7
Suppose -z - 29 + 9 = -4*s, 5*s - 25 = 5*z. Suppose 5*p - 2*p - 108 = z. What is the units digit of p?
6
Let o = 2727 + -1941. What is the units digit of 0 + o/4 - 66/(-44)?
8
Let f = -3 - -7. Suppose 18 = h + f*t - 8*t, 0 = -5*h + 4*t + 10. What is the units digit of (22/4)/(h/(-8))?
2
Suppose 4*q - 83 = -19. What is the units digit of (-63)/(-6)*q/3?
6
Let c(f) be the second derivative of -17*f**3/3 - 10*f**2 + 11*f. Let u be c(-8). Suppose 29*m = 33*m - u. What is the tens digit of m?
6
Let p = 12 + -7. Suppose -p*k + 108 = -k + 5*m, -3*k = -3*m - 81. Let b = k + -11. What is the units digit of b?
6
Let d(v) = -121*v - 2. Let f be d(-1). Let k = f - 79. What is the units digit of k?
0
Let l be (1 - -4) + (-4)/(-2). Suppose -q + 4 = -5*d, 4*d - l = -q - 3. Suppose q*s - 27 = 3*g, -40 = 2*s - 7*s + 5*g. What is the units digit of s?
3
Suppose -8*c = -9*c - 150. What is the tens digit of (132/(-10))/(45/c)?
4
Let o be 6/((132/(-80))/(-11)). Let x = o - -16. What is the tens digit of x?
5
Let u(p) = 1. Suppose -3*i - 8 = -5*n, 4*i - 2*n + 6 = -0*i. Let w(b) = -15*b + 22. Let y(a) = i*w(a) + 3*u(a). What is the units digit of y(5)?
6
Let p(h) = 3*h**2 + 5*h + 7. Suppose 2*s + 12 - 2 = 0. What is the tens digit of p(s)?
5
Let n be (1679/(-3) - 3)*-3. Suppose 2*z = -0*z + n. What is the units digit of (-4)/20 - z/(-20)?
2
Let v = -170 - -828. What is the tens digit of v?
5
Let a = 10 - 18. What is the units digit of (-2)/a*((912 - 2) + 6)?
9
Suppose -2284 = -4*m + 4*j, 0*j + 3*j = -4*m + 2319. What is the units digit of m?
6
Let f(q) = -q - 15. Let r be f(-12). Let n be (2 + r)/(3 + -2). What is the tens digit of (18*n)/((-2)/3)?
2
Suppose -3*y = -12, x + 3 = 2*y - 5. Suppose x*u = -2*u. What is the units digit of 7 + (3 - (0 - u))?
0
Let u(d) = d**2 - d - 1. Let b be u(3). What is the units digit of (-71)/2*(27 + b)/(-4)?
4
Suppose -10*g - 26 = -86. Suppose g*y - 4*m = 2*y + 700, -330 = -2*y - 2*m. What is the tens digit of y?
7
Suppose 8*h = -27*h + 53200. What is the thousands digit of h?
1
Suppose -3*n + 231 = 4*n. Let d = -19 + n. Suppose -i = -53 + d. What is the tens digit of i?
3
Let i = -10 + 15. Let j = i - -4. What is the units digit of (-12)/j*(-69)/2?
6
Suppose -9*b + 280 = -2*b. What is the units digit of b/(-2*(-3)/6)?
0
Suppose 3*v - 12 = 2*o, -3*v = -0*o + 4*o - 12. Suppose 0 = v*q - 2*q - 54. What is the tens digit of q?
2
Let n be (-4)/10 + 4/10 + 2. Suppose 3*u = -n + 8, -3*u = c - 31. What is the units digit of c?
5
What is the tens digit of (-3 + 9/2)*(435 - 9)?
3
Let c = 22 + -58. Let p = 22 - c. Suppose r + r = p. What is the tens digit of r?
2
Suppose -4*z = 5*s - 2279, -2900 = -5*z + s + 3*s. What is the tens digit of z?
7
Let t = 7 + 2. Suppose -c + 53 - t = 0. What is the units digit of c?
4
Suppose 0 = 2*g + w - 1608, -3212 = -g - 3*g - 4*w. What is the hundreds digit of g?
8
Let i = 45 - 27. Suppose -3*w - i + 3 = 0, -5*w = 3*a - 110. What is the units digit of a?
5
Let k = -374 - -1303. What is the units digit of k?
9
Let l(i) = -i. Let d(b) = -2*b**2 - 8*b - 22. Let o(p) = -d(p) + 5*l(p). What is the tens digit of o(-6)?
7
Suppose -2*s = 173 - 3. Let a(n) = 131*n**2. Let c be a(1). Let f = s + c. What is the units digit of f?
6
Let d(c) = 41 + c**3 + 80 - 11 - 4*c. What is the hundreds digit of d(0)?
1
Suppose 3*o + 5*f - 100 = 0, 0 = 4*o - 3*f - 48 - 66. Let z be 6/(-1 + 39/o). Suppose 2*q = z + 8. What is the tens digit of q?
1
Let w = 58 - 54. Suppose 0 = -5*a - w*n + 460, 0*n = a + n - 93. What is the tens digit of a?
8
Let t(a) = -35 + 39 + 5*a**3 - 11*a**2 + 13*a - 4*a**3. What is the tens digit of t(10)?
3
Let o(h) = -11*h + 4*h**2 - 3*h**2 + 0*h**2 + 12. Let s be o(10). Suppose -2*a + v - 4*v = -37, 0 = -2*a + s*v + 12. What is the units digit of a?
1
Suppose 5 = j - 3. Suppose j*b - b = 203. What is the tens digit of b?
2
Let s = -536 + 1010. Suppose -4*y + 10*y - s = 0. What is the units digit of y?
9
Let l(u) = 12*u + 10. Let c be -4 + 2 + 0 + 7 + 0. What is the tens digit of l(c)?
7
Suppose -3*u + 0*u + 18 = 0. Suppose -13*y + 9 = -10*y. What is the units digit of y/u*(-4 + 6)?
1
Let b(i) = 9*i - 12. Let t be b(5). Let h = t - 1. What is the tens digit of h?
3
Let c(n) = n**2 + n - 2. Let t be c(-2). Suppose t*p = 5*p - 60. Suppose 0*k + k - v - 7 = 0, 0 = -4*v - p. What is the units digit of k?
4
Suppose -2*h = -2*p - 344, -5*p = 2*h - 3*h + 192. Suppose 3*k + 4*x - h = 0, -325 = -10*k + 5*k + 5*x. What is the tens digit of k?
6
Suppose -5*h + 286 = -344. What is the units digit of h?
6
Let t = -2277 - -3777. What is the hundreds digit of t?
5
Let w(d) = 4*d**2 - d - 4. Let o be w(4). Suppose -3*k = -15, k - 3 = r - o. What is the units digit of r?
8
Let f(g) be the first derivative of -9*g**2/2 - 16*g + 10. What is the units digit of f(-9)?
5
Let n = 40 + -37. What is the tens digit of 86/n + (-4)/6?
2
Suppose 0 = -37*j + 47*j - 2860. What is the units digit of j?
6
Let m = -92 + -39. Let b = m - -186. What is the units digit of b?
5
Let o(s) = -s**2 - 16*s - 2. Let p be o(-17). What is the tens digit of 1*(-2)/2*p?
1
Suppose -3*s + 14 - 74 = 0. Let m(r) = -r**2 - 24*r + 2. What is the tens digit of m(s)?
8
Let a = 1551 - 541. What is the units digit of a?
0
Suppose -6*t - 7 + 193 = 0. Let c = t - -13. What is the units digit of c?
4
Let s be (3 - -2 - 3) + 3. Let a be s/(-10) + (-1)/(-2). Suppose 5*q - 4*q - 1 = a. What is the units digit of q?
1
Let s be 21/12 + -2 - (-198)/24. Suppose -630 = -s*r + 2*r. What is the hundreds digit of r?
1
Suppose 0 = -l - 33 + 466. What is the units digit of l?
3
Suppose -30*p = -37*p + 17717. What is the hundreds digit of p?
5
Let v = -20 - -30. Let w be 4/(4 - 36/v). What is the tens digit of 280/(-2)*(-5)/w?
7
What is the hundreds digit of 386/(2/(1/1))?
1
Suppose 4 = -r - 0*r, 0 = -3*c + 3*r + 18. Let a(x) = 1 + 4*x - 2*x + c*x + 6*x. What is the tens digit of a(2)?
2
Suppose -2482*y + 18636 = -2479*y. What is the hundreds digit of y?
2
Let r(t) = t**2 + 2*t - 3. Let l be r(-3). Suppose -b - 1 = -l. What is the units digit of 22 - (-3 + b - -4)?
2
Let w = 65 + -131. What is the units digit of w/8*16/(-6)?
2
Let t = -609 - -1041. What is the units digit of t/20 - 4/(-10)?
2
What is the thousands digit of (2 - (-42)/(-24))*16988?
4
Let h = -3 - -13. Let o be ((-24)/h)/(-4)*20. Let t(v) = v - 8. What is the units digit of t(o)?
4
Let j(i) = -i**2 - 10*i - 15. Let a be j(-7). What is the tens digit of -2 + -2 + a - -16?
1
Let r = -55 - -57. Suppose -43 = -2*m + j, -r*j - 39 = -2*m + 3*j. What is the tens digit of m?
2
Let w(k) = -k**3 - 4*k**2 - k + 1. Let g be w(-4). Suppose g*c - 2*i + 4*i = 2, 3*i - 3 = 3*c. Suppose -4*v + 2 + 38 = c. What is the units digit of v?
0
Let g = -456 + 971. What is the hundreds digit of g?
5
Let m = -2042 - -3681. What is the thousands digit of m?
1
Let b = 6 + -2. Let z(w) = -7*w + 8. Let d(i) = i**2 + 35*i - 41. L